NOAA-Style Climate Reports

Select a Year or Month report
2024: Jan Feb Mar Apr May Jun Jul Aug Sep Oct Nov Dec
2023: Jan Feb Mar Apr May Jun Jul Aug Sep Oct Nov Dec

Report for 2024 June

Daily noaa report



                            MONTHLY CLIMATOLOGICAL SUMMARY for JUN. 2024

NAME: Island Dr - Longview, WA   CITY: Longview STATE: WA
ELEV: 16 LAT: 046:09:53 LONG: 0123:01:39

                            TEMPERATURE ( °F), RAIN (in.), WIND SPEED (mph)

                                               HEAT     COOL           AVG
      MEAN                                     DEG      DEG            WIND                       DOM
DAY   TEMP    HIGH   TIME     LOW    TIME      DAYS     DAYS    RAIN   SPEED    HIGH    TIME      DIR
--------------------------------------------------------------------------------------------------------
01    59.8   068.9   12:21    53.8   06:05     05.1     00.0   00.00   01.0     11.5    17:02      SW
02    57.5   059.8   17:38    55.6   00:05     07.4     00.0   01.24   01.7     14.9    12:37      SE
03    55.0   059.9   14:59    52.2   06:45     10.0     00.0   00.33   01.8     13.8    03:04     SSW
04    55.2   062.4   15:39    49.6   00:00     09.8     00.0   00.34   02.5     14.9    04:48     SSE
05    57.9   074.0   17:21    43.7   05:36     07.1     00.0   00.00   01.0     08.1    15:48      NW
06    62.3   080.0   15:25    46.7   06:03     02.6     00.0   00.00   01.4     11.5    19:08     WSW
07    66.9   084.5   15:58    49.6   06:01     00.0     02.0   00.00   01.6     13.8    17:51      N 
08    64.2   078.0   17:03    51.6   05:50     00.8     00.0   00.00   01.3     12.7    20:21     WSW
09    59.4   067.7   15:24    53.8   23:59     05.5     00.0   00.00   01.9     14.9    17:31     WSW
10    62.1   078.5   18:21    52.3   06:11     02.9     00.0   00.00   01.2     09.2    00:53      SW
11    59.5   069.7   15:29    50.0   00:00     05.4     00.0   00.00   01.3     13.8    13:59     WSW
12    58.6   075.0   17:35    43.0   04:52     06.4     00.0   00.00   01.4     12.7    10:38     NNW
13    58.2   071.4   13:58    45.1   06:05     06.7     00.0   00.00   01.4     12.7    18:10      W 
14    55.7   065.9   16:05    44.5   05:17     09.3     00.0   00.00   01.2     10.3    18:08      S 
15    54.2   063.5   16:41    48.6   00:00     10.8     00.0   00.30   01.2     11.5    11:44     SSW
--------------------------------------------------------------------------------------------------------
59.1 (60.0)   84.5  day 07     43.0  day 12   089.8    002.0   02.21   01.5     15.0   day 04      SW
Min <  86: 15
Max Rain: 1.24 ON 2-06-24
Days of Rain: 4 (> .008in) 4 (> .08in) 1 (> 0.8in)